{"id":13,"date":"2011-05-18T23:27:17","date_gmt":"2011-05-18T21:27:17","guid":{"rendered":"http:\/\/www.timmermansgarden.se\/wordpress\/?page_id=13"},"modified":"2026-02-11T16:56:26","modified_gmt":"2026-02-11T14:56:26","slug":"barnungdomsverksamhet","status":"publish","type":"page","link":"https:\/\/www.timmermansgarden.se\/?page_id=13","title":{"rendered":"BARN OCH UNGA"},"content":{"rendered":"\n<div class=\"wp-block-group alignfull\"><div class=\"wp-block-group__inner-container is-layout-flow wp-block-group-is-layout-flow\">\n<div class=\"wp-block-group alignfull\" style=\"margin-top:var(--wp--preset--spacing--superbspacing-small);margin-bottom:var(--wp--preset--spacing--superbspacing-small);padding-top:var(--wp--preset--spacing--superbspacing-xxlarge);padding-right:var(--wp--preset--spacing--superbspacing-small);padding-bottom:var(--wp--preset--spacing--superbspacing-xxlarge);padding-left:var(--wp--preset--spacing--superbspacing-small)\"><div class=\"wp-block-group__inner-container is-layout-constrained wp-container-core-group-is-layout-0ab9ad7c wp-block-group-is-layout-constrained\">\n<div class=\"wp-block-group alignwide\" style=\"margin-top:0;margin-bottom:var(--wp--preset--spacing--superbspacing-medium);padding-top:0;padding-right:0;padding-bottom:0;padding-left:0\"><div class=\"wp-block-group__inner-container is-layout-constrained wp-container-core-group-is-layout-35c00e0f wp-block-group-is-layout-constrained\">\n<h1 class=\"wp-block-heading has-text-align-center has-white-color has-text-color has-background has-large-font-size\" style=\"background-color:#ff6a008c;font-style:normal;font-weight:700;letter-spacing:5px;text-transform:uppercase\">Barn och unga<\/h1>\n\n\n\n<h2 class=\"wp-block-heading has-text-align-center has-contrast-color has-text-color has-medium-font-size\"><strong>\u00d6PPEN FRITIDSG\u00c5RD<\/strong><\/h2>\n<\/div><\/div>\n\n\n\n<div class=\"wp-block-columns alignwide is-layout-flex wp-container-core-columns-is-layout-106d3c7a wp-block-columns-is-layout-flex\" style=\"margin-top:0;margin-bottom:0;padding-top:0;padding-right:0;padding-bottom:0;padding-left:0\">\n<div class=\"wp-block-column is-layout-flow wp-block-column-is-layout-flow\">\n<p class=\"has-superbfont-small-font-size\"><strong>Timmermansg\u00e5rden<\/strong> \u00e4r knutpunkten f\u00f6r alla barn mellan 9-12 \u00e5r.<br>Vi finns mitt p\u00e5 S\u00f6dermalm i en liten park.<br>Med start i oktober kommer vi att erbjuda teater, akrobatik och cirkus med Elina.<br>I v\u00e5r musikstudio tr\u00e4ffar du Joel som hj\u00e4lper dig att g\u00f6ra egna l\u00e5tar i v\u00e5r musikstudio.<br>Vi kommer ocks\u00e5 att g\u00f6ra animerad film och fotografera. Vidare kan du s\u00e5klart spela pingis och andra spel, ta n\u00e5gra ackord p\u00e5 gitarr, pyssla, eller bara h\u00e4nga i caf\u00e9et. Har du \u00f6nskem\u00e5l om aktiviteter? H\u00f6r av dig till oss!<\/p>\n<\/div>\n\n\n\n<div class=\"wp-block-column is-layout-flow wp-block-column-is-layout-flow\">\n<p class=\"has-superbfont-small-font-size\">I v\u00e5rt trevliga caf\u00e9 kan du fika eller \u00e4ta n\u00e5got l\u00e4tt.<br>Vi serverar smoothies, pannkakor och pizzor.<br>Gratis medlemskap f\u00f6r dig under 26 \u00e5r.<br>V\u00e4lkommen \u00f6nskar vi p\u00e5 Timmis!<br>Vi som jobbar heter Elina, Hedvig, Joel, Micke och Yuri.<br>Ring oss p\u00e5 tel 08-84 80 11 f\u00f6r mer information.<br>V\u00e4lkommen!<\/p>\n<\/div>\n<\/div>\n\n\n\n<div class=\"wp-block-columns is-layout-flex wp-container-core-columns-is-layout-9d6595d7 wp-block-columns-is-layout-flex\">\n<div class=\"wp-block-column has-border-color has-mono-3-border-color has-base-background-color has-background is-layout-constrained wp-container-core-column-is-layout-9d8540e0 wp-block-column-is-layout-constrained\" style=\"border-radius:20px;padding-top:var(--wp--preset--spacing--superbspacing-xsmall);padding-right:var(--wp--preset--spacing--superbspacing-xsmall);padding-bottom:var(--wp--preset--spacing--superbspacing-xsmall);padding-left:var(--wp--preset--spacing--superbspacing-xsmall)\"><div class=\"wp-block-image\">\n<figure class=\"aligncenter size-full is-resized\"><a href=\"http:\/\/www.timmermansgarden.se\/wp-content\/uploads\/2025\/06\/icon-clock-afternoon.png\"><img loading=\"lazy\" decoding=\"async\" width=\"112\" height=\"112\" src=\"http:\/\/www.timmermansgarden.se\/wp-content\/uploads\/2025\/06\/icon-clock-afternoon.png\" alt=\"\" class=\"wp-image-6494\" style=\"object-fit:cover;width:50px;height:auto\"\/><\/a><\/figure>\n<\/div>\n\n\n<h2 class=\"wp-block-heading has-text-align-center has-medium-font-size\">\u00d6ppet<\/h2>\n\n\n\n<p class=\"has-text-align-center\" style=\"font-size:14px\"><strong>Tis: 17.00 \u2013 21.00<br>Ons: 17.00 \u2013 21.00<br>Tors: 16.00 \u2013 21.00<\/strong><\/p>\n<\/div>\n\n\n\n<div class=\"wp-block-column has-border-color has-mono-3-border-color has-base-background-color has-background is-layout-constrained wp-container-core-column-is-layout-9d8540e0 wp-block-column-is-layout-constrained\" style=\"border-radius:20px;padding-top:var(--wp--preset--spacing--superbspacing-xsmall);padding-right:var(--wp--preset--spacing--superbspacing-xsmall);padding-bottom:var(--wp--preset--spacing--superbspacing-xsmall);padding-left:var(--wp--preset--spacing--superbspacing-xsmall)\"><div class=\"wp-block-image\">\n<figure class=\"aligncenter size-full is-resized\"><a href=\"http:\/\/www.timmermansgarden.se\/wp-content\/uploads\/2025\/06\/icon-push-pin-simple.png\"><img loading=\"lazy\" decoding=\"async\" width=\"112\" height=\"112\" src=\"http:\/\/www.timmermansgarden.se\/wp-content\/uploads\/2025\/06\/icon-push-pin-simple.png\" alt=\"\" class=\"wp-image-6495\" style=\"object-fit:cover;width:44px;height:auto\"\/><\/a><\/figure>\n<\/div>\n\n\n<h2 class=\"wp-block-heading has-text-align-center has-medium-font-size\">Plats<\/h2>\n\n\n\n<p class=\"has-text-align-center\" style=\"font-size:14px\"><strong>Timmermansgatan 46-48<\/strong><\/p>\n<\/div>\n\n\n\n<div class=\"wp-block-column has-border-color has-mono-3-border-color has-base-background-color has-background is-layout-constrained wp-container-core-column-is-layout-9d8540e0 wp-block-column-is-layout-constrained\" style=\"border-radius:20px;padding-top:var(--wp--preset--spacing--superbspacing-xsmall);padding-right:var(--wp--preset--spacing--superbspacing-xsmall);padding-bottom:var(--wp--preset--spacing--superbspacing-xsmall);padding-left:var(--wp--preset--spacing--superbspacing-xsmall)\"><div class=\"wp-block-image\">\n<figure class=\"aligncenter size-full is-resized\"><a href=\"http:\/\/www.timmermansgarden.se\/wp-content\/uploads\/2025\/06\/icon-email.png\"><img loading=\"lazy\" decoding=\"async\" width=\"112\" height=\"112\" src=\"http:\/\/www.timmermansgarden.se\/wp-content\/uploads\/2025\/06\/icon-email.png\" alt=\"\" class=\"wp-image-6492\" style=\"object-fit:cover;width:46px;height:auto\"\/><\/a><\/figure>\n<\/div>\n\n\n<h2 class=\"wp-block-heading has-text-align-center has-medium-font-size\">Info<\/h2>\n\n\n\n<p class=\"has-text-align-center\" style=\"font-size:14px\"><strong>info@timmermansgarden.se<\/strong><\/p>\n<\/div>\n<\/div>\n<\/div><\/div>\n<\/div><\/div>\n<div id=\"facebook_like\"><iframe src=\"http:\/\/www.facebook.com\/plugins\/like.php?href=https%3A%2F%2Fwww.timmermansgarden.se%2F%3Fpage_id%3D13&amp;layout=standard&amp;show_faces=true&amp;width=500&amp;action=like&amp;font=segoe+ui&amp;colorscheme=light&amp;height=80\" scrolling=\"no\" frameborder=\"0\" style=\"border:none; overflow:hidden; width:500px; height:80px;\" allowTransparency=\"true\"><\/iframe><\/div>","protected":false},"excerpt":{"rendered":"<p>Barn och unga \u00d6PPEN FRITIDSG\u00c5RD Timmermansg\u00e5rden \u00e4r knutpunkten f\u00f6r alla barn mellan 9-12 \u00e5r.Vi finns mitt p\u00e5 S\u00f6dermalm i en liten park.Med start i oktober kommer vi att erbjuda teater, akrobatik och cirkus med Elina.I v\u00e5r musikstudio tr\u00e4ffar du Joel som hj\u00e4lper dig att g\u00f6ra egna l\u00e5tar i v\u00e5r musikstudio.Vi kommer ocks\u00e5 att g\u00f6ra animerad&#8230;<\/p>\n","protected":false},"author":1,"featured_media":0,"parent":0,"menu_order":3,"comment_status":"open","ping_status":"open","template":"","meta":{"_uf_show_specific_survey":0,"_uf_disable_surveys":false,"footnotes":""},"class_list":["post-13","page","type-page","status-publish","hentry"],"aioseo_notices":[],"_links":{"self":[{"href":"https:\/\/www.timmermansgarden.se\/index.php?rest_route=\/wp\/v2\/pages\/13","targetHints":{"allow":["GET"]}}],"collection":[{"href":"https:\/\/www.timmermansgarden.se\/index.php?rest_route=\/wp\/v2\/pages"}],"about":[{"href":"https:\/\/www.timmermansgarden.se\/index.php?rest_route=\/wp\/v2\/types\/page"}],"author":[{"embeddable":true,"href":"https:\/\/www.timmermansgarden.se\/index.php?rest_route=\/wp\/v2\/users\/1"}],"replies":[{"embeddable":true,"href":"https:\/\/www.timmermansgarden.se\/index.php?rest_route=%2Fwp%2Fv2%2Fcomments&post=13"}],"version-history":[{"count":84,"href":"https:\/\/www.timmermansgarden.se\/index.php?rest_route=\/wp\/v2\/pages\/13\/revisions"}],"predecessor-version":[{"id":7538,"href":"https:\/\/www.timmermansgarden.se\/index.php?rest_route=\/wp\/v2\/pages\/13\/revisions\/7538"}],"wp:attachment":[{"href":"https:\/\/www.timmermansgarden.se\/index.php?rest_route=%2Fwp%2Fv2%2Fmedia&parent=13"}],"curies":[{"name":"wp","href":"https:\/\/api.w.org\/{rel}","templated":true}]}}