{"id":1759,"date":"2014-08-19T10:07:41","date_gmt":"2014-08-19T08:07:41","guid":{"rendered":"http:\/\/www.timmermansgarden.se\/?page_id=1759"},"modified":"2026-03-02T00:46:13","modified_gmt":"2026-03-01T22:46:13","slug":"lokaler-att-hyra","status":"publish","type":"page","link":"https:\/\/www.timmermansgarden.se\/?page_id=1759","title":{"rendered":"HYR LOKAL"},"content":{"rendered":"\n<p class=\"has-text-align-center\"><strong>Vill du hyra lokal?  Maila dina fr\u00e5gor och \u00f6nskem\u00e5l till info@timmermansgarden.se <\/strong><\/p>\n\n\n\n<p class=\"has-text-align-center\">V\u00e5ra lokaler g\u00e5r att hyra till rimliga priser. Vi prioriterar ideella f\u00f6reningar men\u00a0 privatpersoner och f\u00f6retag\u00a0 \u00e4r ocks\u00e5 v\u00e4lkomna att hyra av oss. Vi hyr ut v\u00e5ra lokaler b\u00e5de under dag- och kv\u00e4llstid<br>men det g\u00e5r ocks\u00e5 bra att hyra den stora salen under helgerna.<br><strong>Obs! F\u00f6r tillf\u00e4llet hyr vi inte ut till privata fester.<\/strong><\/p>\n\n\n\n<div class=\"wp-block-group alignfull\"><div class=\"wp-block-group__inner-container is-layout-flow wp-block-group-is-layout-flow\">\n<div class=\"wp-block-group alignfull\" style=\"margin-top:0;margin-bottom:0;padding-top:var(--wp--preset--spacing--superbspacing-small);padding-right:var(--wp--preset--spacing--superbspacing-small);padding-bottom:var(--wp--preset--spacing--superbspacing-small);padding-left:var(--wp--preset--spacing--superbspacing-small)\"><div class=\"wp-block-group__inner-container is-layout-constrained wp-container-core-group-is-layout-6fb3a516 wp-block-group-is-layout-constrained\">\n<div class=\"wp-block-group alignwide is-vertical is-content-justification-center is-layout-flex wp-container-core-group-is-layout-6a200439 wp-block-group-is-layout-flex\">\n<h1 class=\"wp-block-heading has-text-align-center has-contrast-color has-text-color has-large-font-size\">Stora salen<\/h1>\n\n\n\n<p><\/p>\n<\/div>\n\n\n\n<div class=\"wp-block-group alignwide\" style=\"margin-bottom:var(--wp--preset--spacing--superbspacing-large)\"><div class=\"wp-block-group__inner-container is-layout-constrained wp-block-group-is-layout-constrained\">\n<div class=\"wp-block-superb-addons-cover-image alignfull\"><div class=\"superbaddons-coverimage-block\" style=\"border-radius:2%;min-height:400px;background-image:url(http:\/\/www.timmermansgarden.se\/wp-content\/uploads\/2014\/08\/DSC2101.jpg);background-position:50% 50%;background-size:cover;background-repeat:no-repeat\"><\/div><\/div>\n\n\n\n<div class=\"wp-block-group\"><div class=\"wp-block-group__inner-container is-layout-constrained wp-block-group-is-layout-constrained\">\n<p><\/p>\n\n\n\n<p class=\"has-text-align-center\">Stora salen hyr vi ut till foto- och konstutst\u00e4llningar under helgerna (fredag em &#8211; s\u00f6ndag).<\/p>\n\n\n\n<p class=\"has-text-align-center\">Stora salen \u00e4r p\u00e5 ca 100 kvm. Max 100 sittande f\u00e5r plats vid biosittning. Projektor, duk och ljudanl\u00e4ggning finnas att hyra. Kostnad 1500:- \u2013 4000:-\/timme. Under helgerna minst 4 timmar.<\/p>\n<\/div><\/div>\n<\/div><\/div>\n\n\n\n<div class=\"wp-block-group alignwide is-vertical is-content-justification-center is-layout-flex wp-container-core-group-is-layout-6a200439 wp-block-group-is-layout-flex\">\n<h1 class=\"wp-block-heading has-text-align-center has-contrast-color has-text-color has-large-font-size\">Syrummet<\/h1>\n\n\n\n<p><\/p>\n<\/div>\n\n\n\n<div class=\"wp-block-group alignwide\"><div class=\"wp-block-group__inner-container is-layout-constrained wp-block-group-is-layout-constrained\">\n<div class=\"wp-block-superb-addons-cover-image alignfull\"><div class=\"superbaddons-coverimage-block\" style=\"border-radius:2%;min-height:400px;background-image:url(http:\/\/www.timmermansgarden.se\/wp-content\/uploads\/2014\/08\/DSC2050.jpg);background-position:50% 50%;background-size:cover;background-repeat:no-repeat\"><\/div><\/div>\n\n\n\n<div class=\"wp-block-group\"><div class=\"wp-block-group__inner-container is-layout-constrained wp-block-group-is-layout-constrained\">\n<p><\/p>\n\n\n\n<p class=\"has-text-align-center\">Syrummet rymmer ca 35 personer<\/p>\n<\/div><\/div>\n<\/div><\/div>\n<\/div><\/div>\n\n\n\n<div class=\"wp-block-group alignfull\" style=\"margin-top:0;margin-bottom:0;padding-top:var(--wp--preset--spacing--superbspacing-small);padding-right:var(--wp--preset--spacing--superbspacing-small);padding-bottom:var(--wp--preset--spacing--superbspacing-small);padding-left:var(--wp--preset--spacing--superbspacing-small)\"><div class=\"wp-block-group__inner-container is-layout-constrained wp-container-core-group-is-layout-6fb3a516 wp-block-group-is-layout-constrained\">\n<div class=\"wp-block-group alignwide is-vertical is-content-justification-center is-layout-flex wp-container-core-group-is-layout-6a200439 wp-block-group-is-layout-flex\">\n<h1 class=\"wp-block-heading has-text-align-center has-contrast-color has-text-color has-large-font-size\">Biblioteket<\/h1>\n\n\n\n<p><\/p>\n<\/div>\n\n\n\n<div class=\"wp-block-group alignwide\" style=\"margin-bottom:var(--wp--preset--spacing--superbspacing-large)\"><div class=\"wp-block-group__inner-container is-layout-constrained wp-block-group-is-layout-constrained\">\n<div class=\"wp-block-superb-addons-cover-image alignfull\"><div class=\"superbaddons-coverimage-block\" style=\"border-radius:2%;min-height:400px;background-image:url(http:\/\/www.timmermansgarden.se\/wp-content\/uploads\/2014\/08\/DSC2062.jpg);background-position:50% 50%;background-size:cover;background-repeat:no-repeat\"><\/div><\/div>\n\n\n\n<div class=\"wp-block-group\"><div class=\"wp-block-group__inner-container is-layout-constrained wp-block-group-is-layout-constrained\">\n<p><\/p>\n\n\n\n<p class=\"has-text-align-center\">Biblioteket rymmer ca 12-15 personer.<\/p>\n<\/div><\/div>\n<\/div><\/div>\n\n\n\n<div class=\"wp-block-group alignwide is-vertical is-content-justification-center is-layout-flex wp-container-core-group-is-layout-6a200439 wp-block-group-is-layout-flex\">\n<h1 class=\"wp-block-heading has-text-align-center has-contrast-color has-text-color has-large-font-size\">Studion<\/h1>\n\n\n\n<p><\/p>\n<\/div>\n\n\n\n<div class=\"wp-block-group alignwide\"><div class=\"wp-block-group__inner-container is-layout-constrained wp-block-group-is-layout-constrained\">\n<div class=\"wp-block-superb-addons-cover-image alignfull\"><div class=\"superbaddons-coverimage-block\" style=\"border-radius:2%;min-height:400px;background-image:url(http:\/\/www.timmermansgarden.se\/wp-content\/uploads\/2014\/08\/DSC2021.jpg);background-position:50% 50%;background-size:cover;background-repeat:no-repeat\"><\/div><\/div>\n\n\n\n<div class=\"wp-block-group\"><div class=\"wp-block-group__inner-container is-layout-constrained wp-block-group-is-layout-constrained\">\n<p><\/p>\n\n\n\n<p class=\"has-text-align-center\">Studion rymmer ca 15-20 personer.<\/p>\n<\/div><\/div>\n<\/div><\/div>\n<\/div><\/div>\n\n\n\n<div class=\"wp-block-group alignfull\" style=\"margin-top:0;margin-bottom:0;padding-top:var(--wp--preset--spacing--superbspacing-small);padding-right:var(--wp--preset--spacing--superbspacing-small);padding-bottom:var(--wp--preset--spacing--superbspacing-small);padding-left:var(--wp--preset--spacing--superbspacing-small)\"><div class=\"wp-block-group__inner-container is-layout-constrained wp-container-core-group-is-layout-6fb3a516 wp-block-group-is-layout-constrained\">\n<div class=\"wp-block-group alignwide is-vertical is-content-justification-center is-layout-flex wp-container-core-group-is-layout-6a200439 wp-block-group-is-layout-flex\">\n<h1 class=\"wp-block-heading has-text-align-center has-contrast-color has-text-color has-large-font-size\">Pingisrummet<\/h1>\n\n\n\n<p><\/p>\n<\/div>\n\n\n\n<div class=\"wp-block-group alignwide\" style=\"margin-bottom:var(--wp--preset--spacing--superbspacing-large)\"><div class=\"wp-block-group__inner-container is-layout-constrained wp-block-group-is-layout-constrained\">\n<div class=\"wp-block-superb-addons-cover-image alignfull\"><div class=\"superbaddons-coverimage-block\" style=\"border-radius:2%;min-height:400px;background-image:url(http:\/\/www.timmermansgarden.se\/wp-content\/uploads\/2014\/08\/DSC2020.jpg);background-position:50% 50%;background-size:cover;background-repeat:no-repeat\"><\/div><\/div>\n\n\n\n<div class=\"wp-block-group\"><div class=\"wp-block-group__inner-container is-layout-constrained wp-block-group-is-layout-constrained\">\n<p><\/p>\n\n\n\n<p class=\"has-text-align-center\">Pingisrummet hyrs ut om\u00f6blerat (utan pingisbord) och rymmer ca 25 personer.<br><\/p>\n<\/div><\/div>\n<\/div><\/div>\n\n\n\n<div class=\"wp-block-group alignwide is-vertical is-content-justification-center is-layout-flex wp-container-core-group-is-layout-6a200439 wp-block-group-is-layout-flex\">\n<h1 class=\"wp-block-heading has-text-align-center has-contrast-color has-text-color has-large-font-size\">Lilla teatern<\/h1>\n\n\n\n<p><\/p>\n\n\n\n<p class=\"has-text-align-center\"><\/p>\n<\/div>\n\n\n\n<div class=\"wp-block-group alignwide\"><div class=\"wp-block-group__inner-container is-layout-constrained wp-block-group-is-layout-constrained\">\n<div class=\"wp-block-superb-addons-cover-image alignfull\"><div class=\"superbaddons-coverimage-block\" style=\"border-radius:2%;min-height:400px;background-image:url(http:\/\/www.timmermansgarden.se\/wp-content\/uploads\/2014\/10\/teaterrummet.jpg);background-position:50% 50%;background-size:cover;background-repeat:no-repeat\"><\/div><\/div>\n\n\n\n<div class=\"wp-block-group\"><div class=\"wp-block-group__inner-container is-layout-constrained wp-block-group-is-layout-constrained\">\n<p><\/p>\n\n\n\n<p class=\"has-text-align-center\">Lilla teatern rymmer ca 25 personer. Passar utm\u00e4rkt till dans eller yoga.<br>Rummet \u00e4r inte m\u00f6blerat mer \u00e4n med n\u00e5gra soffor l\u00e4ngs v\u00e4ggarna. Ljud, ljus och projektor ing\u00e5r i hyran.<\/p>\n\n\n\n<p class=\"has-text-align-center\"><\/p>\n<\/div><\/div>\n<\/div><\/div>\n<\/div><\/div>\n<\/div><\/div>\n\n\n<div class=\"wp-block-image\">\n<figure class=\"aligncenter size-full\"><a href=\"http:\/\/www.timmermansgarden.se\/wp-content\/uploads\/2014\/08\/DSC2085.jpg\"><img loading=\"lazy\" decoding=\"async\" width=\"1000\" height=\"668\" src=\"http:\/\/www.timmermansgarden.se\/wp-content\/uploads\/2014\/08\/DSC2085.jpg\" alt=\"\" class=\"wp-image-1694\" srcset=\"https:\/\/www.timmermansgarden.se\/wp-content\/uploads\/2014\/08\/DSC2085.jpg 1000w, https:\/\/www.timmermansgarden.se\/wp-content\/uploads\/2014\/08\/DSC2085-300x200.jpg 300w\" sizes=\"auto, (max-width: 1000px) 100vw, 1000px\" \/><\/a><\/figure>\n<\/div>\n\n\n<p><\/p>\n\n\n\n<p class=\"has-text-align-center\">Caf\u00e9et \u00e4r alltid \u00f6ppet p\u00e5 dagtid n\u00e4r vi har kurser och evenemang.<\/p>\n<div id=\"facebook_like\"><iframe src=\"http:\/\/www.facebook.com\/plugins\/like.php?href=https%3A%2F%2Fwww.timmermansgarden.se%2F%3Fpage_id%3D1759&amp;layout=standard&amp;show_faces=true&amp;width=500&amp;action=like&amp;font=segoe+ui&amp;colorscheme=light&amp;height=80\" scrolling=\"no\" frameborder=\"0\" style=\"border:none; overflow:hidden; width:500px; height:80px;\" allowTransparency=\"true\"><\/iframe><\/div>","protected":false},"excerpt":{"rendered":"<p>Vill du hyra lokal? Maila dina fr\u00e5gor och \u00f6nskem\u00e5l till info@timmermansgarden.se V\u00e5ra lokaler g\u00e5r att hyra till rimliga priser. Vi prioriterar ideella f\u00f6reningar men\u00a0 privatpersoner och f\u00f6retag\u00a0 \u00e4r ocks\u00e5 v\u00e4lkomna att hyra av oss. Vi hyr ut v\u00e5ra lokaler b\u00e5de under dag- och kv\u00e4llstidmen det g\u00e5r ocks\u00e5 bra att hyra den stora salen under helgerna.Obs!&#8230;<\/p>\n","protected":false},"author":1,"featured_media":0,"parent":0,"menu_order":8,"comment_status":"closed","ping_status":"closed","template":"","meta":{"_uf_show_specific_survey":0,"_uf_disable_surveys":false,"footnotes":""},"class_list":["post-1759","page","type-page","status-publish","hentry"],"aioseo_notices":[],"_links":{"self":[{"href":"https:\/\/www.timmermansgarden.se\/index.php?rest_route=\/wp\/v2\/pages\/1759","targetHints":{"allow":["GET"]}}],"collection":[{"href":"https:\/\/www.timmermansgarden.se\/index.php?rest_route=\/wp\/v2\/pages"}],"about":[{"href":"https:\/\/www.timmermansgarden.se\/index.php?rest_route=\/wp\/v2\/types\/page"}],"author":[{"embeddable":true,"href":"https:\/\/www.timmermansgarden.se\/index.php?rest_route=\/wp\/v2\/users\/1"}],"replies":[{"embeddable":true,"href":"https:\/\/www.timmermansgarden.se\/index.php?rest_route=%2Fwp%2Fv2%2Fcomments&post=1759"}],"version-history":[{"count":37,"href":"https:\/\/www.timmermansgarden.se\/index.php?rest_route=\/wp\/v2\/pages\/1759\/revisions"}],"predecessor-version":[{"id":7684,"href":"https:\/\/www.timmermansgarden.se\/index.php?rest_route=\/wp\/v2\/pages\/1759\/revisions\/7684"}],"wp:attachment":[{"href":"https:\/\/www.timmermansgarden.se\/index.php?rest_route=%2Fwp%2Fv2%2Fmedia&parent=1759"}],"curies":[{"name":"wp","href":"https:\/\/api.w.org\/{rel}","templated":true}]}}

<p class="has-text-align-center"><strong>Vill du hyra lokal?  Maila dina frågor och önskemål till info@timmermansgarden.se </strong></p>



<p class="has-text-align-center">Våra lokaler går att hyra till rimliga priser. Vi prioriterar ideella föreningar men  privatpersoner och företag  är också välkomna att hyra av oss. Vi hyr ut våra lokaler både under dag- och kvällstid<br>men det går också bra att hyra den stora salen under helgerna.<br><strong>Obs! För tillfället hyr vi inte ut till privata fester.</strong></p>



<div class="wp-block-group alignfull"><div class="wp-block-group__inner-container is-layout-flow wp-block-group-is-layout-flow">
<div class="wp-block-group alignfull" style="margin-top:0;margin-bottom:0;padding-top:var(--wp--preset--spacing--superbspacing-small);padding-right:var(--wp--preset--spacing--superbspacing-small);padding-bottom:var(--wp--preset--spacing--superbspacing-small);padding-left:var(--wp--preset--spacing--superbspacing-small)"><div class="wp-block-group__inner-container is-layout-constrained wp-container-core-group-is-layout-6fb3a516 wp-block-group-is-layout-constrained">
<div class="wp-block-group alignwide is-vertical is-content-justification-center is-layout-flex wp-container-core-group-is-layout-6a200439 wp-block-group-is-layout-flex">
<h1 class="wp-block-heading has-text-align-center has-contrast-color has-text-color has-large-font-size">Stora salen</h1>



<p></p>
</div>



<div class="wp-block-group alignwide" style="margin-bottom:var(--wp--preset--spacing--superbspacing-large)"><div class="wp-block-group__inner-container is-layout-constrained wp-block-group-is-layout-constrained">
<div class="wp-block-superb-addons-cover-image alignfull"><div class="superbaddons-coverimage-block" style="border-radius:2%;min-height:400px;background-image:url(http://www.timmermansgarden.se/wp-content/uploads/2014/08/DSC2101.jpg);background-position:50% 50%;background-size:cover;background-repeat:no-repeat"></div></div>



<div class="wp-block-group"><div class="wp-block-group__inner-container is-layout-constrained wp-block-group-is-layout-constrained">
<p></p>



<p class="has-text-align-center">Stora salen hyr vi ut till foto- och konstutställningar under helgerna (fredag em &#8211; söndag).</p>



<p class="has-text-align-center">Stora salen är på ca 100 kvm. Max 100 sittande får plats vid biosittning. Projektor, duk och ljudanläggning finnas att hyra. Kostnad 1500:- – 4000:-/timme. Under helgerna minst 4 timmar.</p>
</div></div>
</div></div>



<div class="wp-block-group alignwide is-vertical is-content-justification-center is-layout-flex wp-container-core-group-is-layout-6a200439 wp-block-group-is-layout-flex">
<h1 class="wp-block-heading has-text-align-center has-contrast-color has-text-color has-large-font-size">Syrummet</h1>



<p></p>
</div>



<div class="wp-block-group alignwide"><div class="wp-block-group__inner-container is-layout-constrained wp-block-group-is-layout-constrained">
<div class="wp-block-superb-addons-cover-image alignfull"><div class="superbaddons-coverimage-block" style="border-radius:2%;min-height:400px;background-image:url(http://www.timmermansgarden.se/wp-content/uploads/2014/08/DSC2050.jpg);background-position:50% 50%;background-size:cover;background-repeat:no-repeat"></div></div>



<div class="wp-block-group"><div class="wp-block-group__inner-container is-layout-constrained wp-block-group-is-layout-constrained">
<p></p>



<p class="has-text-align-center">Syrummet rymmer ca 35 personer</p>
</div></div>
</div></div>
</div></div>



<div class="wp-block-group alignfull" style="margin-top:0;margin-bottom:0;padding-top:var(--wp--preset--spacing--superbspacing-small);padding-right:var(--wp--preset--spacing--superbspacing-small);padding-bottom:var(--wp--preset--spacing--superbspacing-small);padding-left:var(--wp--preset--spacing--superbspacing-small)"><div class="wp-block-group__inner-container is-layout-constrained wp-container-core-group-is-layout-6fb3a516 wp-block-group-is-layout-constrained">
<div class="wp-block-group alignwide is-vertical is-content-justification-center is-layout-flex wp-container-core-group-is-layout-6a200439 wp-block-group-is-layout-flex">
<h1 class="wp-block-heading has-text-align-center has-contrast-color has-text-color has-large-font-size">Biblioteket</h1>



<p></p>
</div>



<div class="wp-block-group alignwide" style="margin-bottom:var(--wp--preset--spacing--superbspacing-large)"><div class="wp-block-group__inner-container is-layout-constrained wp-block-group-is-layout-constrained">
<div class="wp-block-superb-addons-cover-image alignfull"><div class="superbaddons-coverimage-block" style="border-radius:2%;min-height:400px;background-image:url(http://www.timmermansgarden.se/wp-content/uploads/2014/08/DSC2062.jpg);background-position:50% 50%;background-size:cover;background-repeat:no-repeat"></div></div>



<div class="wp-block-group"><div class="wp-block-group__inner-container is-layout-constrained wp-block-group-is-layout-constrained">
<p></p>



<p class="has-text-align-center">Biblioteket rymmer ca 12-15 personer.</p>
</div></div>
</div></div>



<div class="wp-block-group alignwide is-vertical is-content-justification-center is-layout-flex wp-container-core-group-is-layout-6a200439 wp-block-group-is-layout-flex">
<h1 class="wp-block-heading has-text-align-center has-contrast-color has-text-color has-large-font-size">Studion</h1>



<p></p>
</div>



<div class="wp-block-group alignwide"><div class="wp-block-group__inner-container is-layout-constrained wp-block-group-is-layout-constrained">
<div class="wp-block-superb-addons-cover-image alignfull"><div class="superbaddons-coverimage-block" style="border-radius:2%;min-height:400px;background-image:url(http://www.timmermansgarden.se/wp-content/uploads/2014/08/DSC2021.jpg);background-position:50% 50%;background-size:cover;background-repeat:no-repeat"></div></div>



<div class="wp-block-group"><div class="wp-block-group__inner-container is-layout-constrained wp-block-group-is-layout-constrained">
<p></p>



<p class="has-text-align-center">Studion rymmer ca 15-20 personer.</p>
</div></div>
</div></div>
</div></div>



<div class="wp-block-group alignfull" style="margin-top:0;margin-bottom:0;padding-top:var(--wp--preset--spacing--superbspacing-small);padding-right:var(--wp--preset--spacing--superbspacing-small);padding-bottom:var(--wp--preset--spacing--superbspacing-small);padding-left:var(--wp--preset--spacing--superbspacing-small)"><div class="wp-block-group__inner-container is-layout-constrained wp-container-core-group-is-layout-6fb3a516 wp-block-group-is-layout-constrained">
<div class="wp-block-group alignwide is-vertical is-content-justification-center is-layout-flex wp-container-core-group-is-layout-6a200439 wp-block-group-is-layout-flex">
<h1 class="wp-block-heading has-text-align-center has-contrast-color has-text-color has-large-font-size">Pingisrummet</h1>



<p></p>
</div>



<div class="wp-block-group alignwide" style="margin-bottom:var(--wp--preset--spacing--superbspacing-large)"><div class="wp-block-group__inner-container is-layout-constrained wp-block-group-is-layout-constrained">
<div class="wp-block-superb-addons-cover-image alignfull"><div class="superbaddons-coverimage-block" style="border-radius:2%;min-height:400px;background-image:url(http://www.timmermansgarden.se/wp-content/uploads/2014/08/DSC2020.jpg);background-position:50% 50%;background-size:cover;background-repeat:no-repeat"></div></div>



<div class="wp-block-group"><div class="wp-block-group__inner-container is-layout-constrained wp-block-group-is-layout-constrained">
<p></p>



<p class="has-text-align-center">Pingisrummet hyrs ut omöblerat (utan pingisbord) och rymmer ca 25 personer.<br></p>
</div></div>
</div></div>



<div class="wp-block-group alignwide is-vertical is-content-justification-center is-layout-flex wp-container-core-group-is-layout-6a200439 wp-block-group-is-layout-flex">
<h1 class="wp-block-heading has-text-align-center has-contrast-color has-text-color has-large-font-size">Lilla teatern</h1>



<p></p>



<p class="has-text-align-center"></p>
</div>



<div class="wp-block-group alignwide"><div class="wp-block-group__inner-container is-layout-constrained wp-block-group-is-layout-constrained">
<div class="wp-block-superb-addons-cover-image alignfull"><div class="superbaddons-coverimage-block" style="border-radius:2%;min-height:400px;background-image:url(http://www.timmermansgarden.se/wp-content/uploads/2014/10/teaterrummet.jpg);background-position:50% 50%;background-size:cover;background-repeat:no-repeat"></div></div>



<div class="wp-block-group"><div class="wp-block-group__inner-container is-layout-constrained wp-block-group-is-layout-constrained">
<p></p>



<p class="has-text-align-center">Lilla teatern rymmer ca 25 personer. Passar utmärkt till dans eller yoga.<br>Rummet är inte möblerat mer än med några soffor längs väggarna. Ljud, ljus och projektor ingår i hyran.</p>



<p class="has-text-align-center"></p>
</div></div>
</div></div>
</div></div>
</div></div>


<div class="wp-block-image">
<figure class="aligncenter size-full"><a href="http://www.timmermansgarden.se/wp-content/uploads/2014/08/DSC2085.jpg"><img loading="lazy" decoding="async" width="1000" height="668" src="http://www.timmermansgarden.se/wp-content/uploads/2014/08/DSC2085.jpg" alt="" class="wp-image-1694" srcset="https://www.timmermansgarden.se/wp-content/uploads/2014/08/DSC2085.jpg 1000w, https://www.timmermansgarden.se/wp-content/uploads/2014/08/DSC2085-300x200.jpg 300w" sizes="auto, (max-width: 1000px) 100vw, 1000px" /></a></figure>
</div>


<p></p>



<p class="has-text-align-center">Caféet är alltid öppet på dagtid när vi har kurser och evenemang.</p>
<div id="facebook_like"><iframe src="http://www.facebook.com/plugins/like.php?href=https%3A%2F%2Fwww.timmermansgarden.se%2F%3Fpage_id%3D1759&amp;layout=standard&amp;show_faces=true&amp;width=500&amp;action=like&amp;font=segoe+ui&amp;colorscheme=light&amp;height=80" scrolling="no" frameborder="0" style="border:none; overflow:hidden; width:500px; height:80px;" allowTransparency="true"></iframe></div>

<p>Vill du hyra lokal? Maila dina frågor och önskemål till info@timmermansgarden.se Våra lokaler går att hyra till rimliga priser. Vi prioriterar ideella föreningar men  privatpersoner och företag  är också välkomna att hyra av oss. Vi hyr ut våra lokaler både under dag- och kvällstidmen det går också bra att hyra den stora salen under helgerna.Obs!&#8230;</p>
