{"id":64,"date":"2012-12-23T13:00:21","date_gmt":"2012-12-23T11:00:21","guid":{"rendered":"http:\/\/www.timmermansgarden.se\/wordpress\/?page_id=64"},"modified":"2026-02-10T17:42:36","modified_gmt":"2026-02-10T15:42:36","slug":"kurser","status":"publish","type":"page","link":"https:\/\/www.timmermansgarden.se\/?page_id=64","title":{"rendered":"Kurser f\u00f6r barn"},"content":{"rendered":"\n<div class=\"wp-block-group alignfull has-base-background-color has-background\" style=\"margin-top:0;margin-bottom:0;padding-top:var(--wp--preset--spacing--superbspacing-xxlarge);padding-right:var(--wp--preset--spacing--superbspacing-small);padding-bottom:var(--wp--preset--spacing--superbspacing-xxlarge);padding-left:var(--wp--preset--spacing--superbspacing-small)\"><div class=\"wp-block-group__inner-container is-layout-constrained wp-container-core-group-is-layout-ad658b54 wp-block-group-is-layout-constrained\">\n<div class=\"wp-block-cover alignwide is-light\" style=\"border-radius:20px;padding-top:var(--wp--preset--spacing--superbspacing-xxlarge);padding-right:var(--wp--preset--spacing--superbspacing-medium);padding-bottom:var(--wp--preset--spacing--superbspacing-xxlarge);padding-left:var(--wp--preset--spacing--superbspacing-medium)\"><img loading=\"lazy\" decoding=\"async\" width=\"700\" height=\"933\" class=\"wp-block-cover__image-background wp-image-6694 size-large\" alt=\"\" src=\"https:\/\/www.timmermansgarden.se\/wp-content\/uploads\/2025\/07\/Picsart_25-03-18_20-37-57-591-700x933.jpg\" style=\"object-position:80% 100%\" data-object-fit=\"cover\" data-object-position=\"80% 100%\" srcset=\"https:\/\/www.timmermansgarden.se\/wp-content\/uploads\/2025\/07\/Picsart_25-03-18_20-37-57-591-700x933.jpg 700w, https:\/\/www.timmermansgarden.se\/wp-content\/uploads\/2025\/07\/Picsart_25-03-18_20-37-57-591-225x300.jpg 225w, https:\/\/www.timmermansgarden.se\/wp-content\/uploads\/2025\/07\/Picsart_25-03-18_20-37-57-591-768x1024.jpg 768w, https:\/\/www.timmermansgarden.se\/wp-content\/uploads\/2025\/07\/Picsart_25-03-18_20-37-57-591-1152x1536.jpg 1152w, https:\/\/www.timmermansgarden.se\/wp-content\/uploads\/2025\/07\/Picsart_25-03-18_20-37-57-591-1536x2048.jpg 1536w, https:\/\/www.timmermansgarden.se\/wp-content\/uploads\/2025\/07\/Picsart_25-03-18_20-37-57-591-300x400.jpg 300w, https:\/\/www.timmermansgarden.se\/wp-content\/uploads\/2025\/07\/Picsart_25-03-18_20-37-57-591-850x1133.jpg 850w, https:\/\/www.timmermansgarden.se\/wp-content\/uploads\/2025\/07\/Picsart_25-03-18_20-37-57-591-scaled.jpg 1920w\" sizes=\"auto, (max-width: 700px) 100vw, 700px\" \/><span aria-hidden=\"true\" class=\"wp-block-cover__background has-background-dim-30 has-background-dim\" style=\"background-color:#af997b\"><\/span><div class=\"wp-block-cover__inner-container is-layout-constrained wp-container-core-cover-is-layout-d041b713 wp-block-cover-is-layout-constrained\">\n<div class=\"wp-block-group\"><div class=\"wp-block-group__inner-container is-layout-constrained wp-container-core-group-is-layout-3112e6bb wp-block-group-is-layout-constrained\">\n<h3 class=\"wp-block-heading has-text-align-center has-base-color has-text-color has-superbfont-xxlarge-font-size\"><strong>Barnkurser<\/strong><\/h3>\n<\/div><\/div>\n<\/div><\/div>\n\n\n\n<div class=\"wp-block-columns alignwide is-layout-flex wp-container-core-columns-is-layout-95ad091b wp-block-columns-is-layout-flex\">\n<div class=\"wp-block-column is-vertically-aligned-center is-layout-flow wp-block-column-is-layout-flow\" style=\"flex-basis:50%\">\n<div class=\"wp-block-group has-background is-content-justification-left\" style=\"border-radius:20px;background-color:#fe8e3e;padding-top:var(--wp--preset--spacing--superbspacing-medium);padding-right:var(--wp--preset--spacing--superbspacing-medium);padding-bottom:var(--wp--preset--spacing--superbspacing-medium);padding-left:var(--wp--preset--spacing--superbspacing-medium)\"><div class=\"wp-block-group__inner-container is-layout-constrained wp-container-core-group-is-layout-da8e0d5b wp-block-group-is-layout-constrained\">\n<div class=\"wp-block-group is-nowrap is-layout-flex wp-container-core-group-is-layout-ad2f72ca wp-block-group-is-layout-flex\"><div class=\"wp-block-image\">\n<figure class=\"aligncenter size-full is-resized\"><img loading=\"lazy\" decoding=\"async\" width=\"820\" height=\"685\" src=\"http:\/\/www.timmermansgarden.se\/wp-content\/uploads\/2025\/07\/Skarmbild-2025-06-25-160514.png\" alt=\"\" class=\"wp-image-6631\" style=\"width:248px;height:auto\" srcset=\"https:\/\/www.timmermansgarden.se\/wp-content\/uploads\/2025\/07\/Skarmbild-2025-06-25-160514.png 820w, https:\/\/www.timmermansgarden.se\/wp-content\/uploads\/2025\/07\/Skarmbild-2025-06-25-160514-300x251.png 300w, https:\/\/www.timmermansgarden.se\/wp-content\/uploads\/2025\/07\/Skarmbild-2025-06-25-160514-700x585.png 700w, https:\/\/www.timmermansgarden.se\/wp-content\/uploads\/2025\/07\/Skarmbild-2025-06-25-160514-768x642.png 768w\" sizes=\"auto, (max-width: 820px) 100vw, 820px\" \/><\/figure>\n<\/div><\/div>\n\n\n\n<div class=\"wp-block-group\"><div class=\"wp-block-group__inner-container is-layout-constrained wp-block-group-is-layout-constrained\">\n<h2 class=\"wp-block-heading has-text-align-center has-base-color has-text-color has-alegreya-font-family has-superbfont-medium-font-size\"><strong>Barnteater &amp; Cirkus<\/strong><\/h2>\n\n\n\n<p class=\"has-text-align-center has-white-color has-text-color has-link-color wp-elements-5e51ea2c827287eeeb72a69a3fb3dc1c\" style=\"font-size:16px\"><strong>Barnen skapar en egen ber\u00e4ttelse med teater, cirkus och akrobatik som blir till en f\u00f6rest\u00e4llning i slutet av terminen. Passar b\u00e5de nyb\u00f6rjare och erfarna.<\/strong><\/p>\n<\/div><\/div>\n\n\n\n<div class=\"wp-block-group is-vertical is-content-justification-center is-layout-flex wp-container-core-group-is-layout-73a99bce wp-block-group-is-layout-flex\">\n<div class=\"wp-block-group is-vertical is-layout-flex wp-container-core-group-is-layout-8cf370e7 wp-block-group-is-layout-flex\">\n<div class=\"wp-block-group is-vertical is-content-justification-center is-layout-flex wp-container-core-group-is-layout-73a99bce wp-block-group-is-layout-flex\">\n<details class=\"wp-block-details has-white-color has-text-color has-link-color wp-elements-0c144810abe30408404476281e32decb is-layout-flow wp-block-details-is-layout-flow\" style=\"font-size:16px\"><summary>Kursinformation<\/summary>\n<p>Datum: Fredagar 16.00\u201317.30 eller 16.30\u201318.00<\/p>\n\n\n\n<p>Start: Vecka 38<\/p>\n\n\n\n<p>Pris: 995 kr<\/p>\n\n\n\n<p>Anm\u00e4lan: info@timmermansgarden.se<\/p>\n\n\n\n<p>Max 10 deltagare<\/p>\n\n\n\n<p>Kursledare: Elina<\/p>\n<\/details>\n<\/div>\n<\/div>\n<\/div>\n<\/div><\/div>\n<\/div>\n\n\n\n<div class=\"wp-block-column is-layout-flow wp-block-column-is-layout-flow\" style=\"flex-basis:50%\"><\/div>\n<\/div>\n<\/div><\/div>\n<div id=\"facebook_like\"><iframe src=\"http:\/\/www.facebook.com\/plugins\/like.php?href=https%3A%2F%2Fwww.timmermansgarden.se%2F%3Fpage_id%3D64&amp;layout=standard&amp;show_faces=true&amp;width=500&amp;action=like&amp;font=segoe+ui&amp;colorscheme=light&amp;height=80\" scrolling=\"no\" frameborder=\"0\" style=\"border:none; overflow:hidden; width:500px; height:80px;\" allowTransparency=\"true\"><\/iframe><\/div>","protected":false},"excerpt":{"rendered":"<p>Barnteater &amp; Cirkus Barnen skapar en egen ber\u00e4ttelse med teater, cirkus och akrobatik som blir till en f\u00f6rest\u00e4llning i slutet av terminen. Passar b\u00e5de nyb\u00f6rjare och erfarna.<\/p>\n","protected":false},"author":1,"featured_media":0,"parent":13,"menu_order":2,"comment_status":"open","ping_status":"open","template":"","meta":{"_uf_show_specific_survey":0,"_uf_disable_surveys":false,"footnotes":""},"class_list":["post-64","page","type-page","status-publish","hentry"],"aioseo_notices":[],"_links":{"self":[{"href":"https:\/\/www.timmermansgarden.se\/index.php?rest_route=\/wp\/v2\/pages\/64","targetHints":{"allow":["GET"]}}],"collection":[{"href":"https:\/\/www.timmermansgarden.se\/index.php?rest_route=\/wp\/v2\/pages"}],"about":[{"href":"https:\/\/www.timmermansgarden.se\/index.php?rest_route=\/wp\/v2\/types\/page"}],"author":[{"embeddable":true,"href":"https:\/\/www.timmermansgarden.se\/index.php?rest_route=\/wp\/v2\/users\/1"}],"replies":[{"embeddable":true,"href":"https:\/\/www.timmermansgarden.se\/index.php?rest_route=%2Fwp%2Fv2%2Fcomments&post=64"}],"version-history":[{"count":171,"href":"https:\/\/www.timmermansgarden.se\/index.php?rest_route=\/wp\/v2\/pages\/64\/revisions"}],"predecessor-version":[{"id":6771,"href":"https:\/\/www.timmermansgarden.se\/index.php?rest_route=\/wp\/v2\/pages\/64\/revisions\/6771"}],"up":[{"embeddable":true,"href":"https:\/\/www.timmermansgarden.se\/index.php?rest_route=\/wp\/v2\/pages\/13"}],"wp:attachment":[{"href":"https:\/\/www.timmermansgarden.se\/index.php?rest_route=%2Fwp%2Fv2%2Fmedia&parent=64"}],"curies":[{"name":"wp","href":"https:\/\/api.w.org\/{rel}","templated":true}]}}